*m - 3. Let p(n) = a*o(n) - 6*s(n). Determine p(5).
-7
Let a(t) = t**3 + t**2 - t + 1. Let h = 12 - 12. Determine a(h).
1
Let v(l) = l**3 + 8*l**2 - l - 9. Let m be v(-8). Let p(c) = -6*c**2. Let n be p(m). Let s(y) = 3*y + 8. Calculate s(n).
-10
Let u(o) be the first derivative of o**3/3 - o**2/2 - o - 1. Suppose 2 = -d + 2*d. Give u(d).
1
Let v(l) = 2*l - 3. Let m be v(3). Let h = m + -3. Suppose h*k - k = 0. Let p(g) = g - 9. Calculate p(k).
-9
Let h(f) = f**3 + 3*f**2 - 5*f - 1. Let t = 30 + -18. Suppose t = 2*z - 5*z. Give h(z).
3
Let y = -5 - -6. Let q(l) be the first derivative of l**4/4 - l**3/3 + l**2/2 - l + 1. Determine q(y).
0
Let z(s) = s**3 + 5*s**2 - 4*s + 8. Let k be z(-6). Let r(l) = l**2 + 5*l + 5. Let n be r(k). Let t = n - -1. Let j(a) = -a**3 + a**2 - 2. Calculate j(t).
-6
Suppose 4*m = g + 25, 0 = 5*g - 5*m + m + 45. Let l = -3 - g. Let n(q) = 1 - 3 + l*q - 2. Determine n(5).
6
Let z(m) = -5*m + 0*m + 2*m + 4 - 2. Calculate z(2).
-4
Let p(t) be the second derivative of -t**8/6720 - t**7/840 + t**4/12 - 3*t. Let b(w) be the third derivative of p(w). Calculate b(-3).
0
Let j = -37 - -56. Let q(c) = -j*c + 21*c - 2 + 3. Give q(-3).
-5
Let s(a) = a - 4. Let u(f) = -f + 5. Let o be (2/3)/(2/3). Suppose o = -t - 1. Let i(b) = t*s(b) - 3*u(b). Give i(4).
-3
Let r = -378 - -375. Let j(b) = -b + 8. Let n(o) = 4. Let v(l) = -l**3 + 3*l**2 + 2. Let g be v(3). Let i(w) = g*j(w) - 5*n(w). Give i(r).
2
Let r be 8/3 - 4/6. Let j be ((-7)/(-7))/(1/r). Let y(i) = 2*i**2 + 4 - 3 - 3*i**j. Determine y(-3).
-8
Let f(q) = 12 - 12*q**2 - 7*q**2 - 14*q**2 + 32*q**2 + 7*q. Calculate f(9).
-6
Let y(k) be the second derivative of k**3/3 - 3*k**2/2 - 13*k. Determine y(5).
7
Suppose 15 = -5*p + 5*t, -5*p + t = -2*t + 13. Let x(q) = -q - 5. Let w(y) = -4*y - 20. Let n(m) = p*w(m) + 9*x(m). What is n(-6)?
1
Let z(x) = -x**2 + 1. Let u(j) be the second derivative of -2*j**4/3 + j**3/6 + j**2/2 - j. Let p(t) = u(t) - 2*z(t). Calculate p(1).
-6
Suppose 4*y + 2 + 14 = -u, -u + 2*y + 14 = 0. Suppose -p = -3*p - 4*l + 6, u*l = 2*p + 10. Let n(c) = -3*c. Give n(p).
3
Let i = 2 - 0. Let a(v) = 4*v + 2 + 3 - v**2 - 2 + 2*v**i. Calculate a(-5).
8
Let u(o) = o**2 + 2*o + 2. Let j(v) = 1. Let y(k) = -j(k) - u(k). What is y(-2)?
-3
Let h(o) = -o - 13. Suppose -5*n + 3*a - 72 = 0, -5*n + 4*a - 45 - 26 = 0. Let k be (18/n)/((-3)/(-15)). Determine h(k).
-7
Let t(a) = -5*a**3 + 4*a**3 + a**2 - 1 + 4*a**2 + 6*a - 5. Let h be (1 - -2)*(-1 - -3). Give t(h).
-6
Let r(s) be the first derivative of -s**4/12 + 7*s**3/6 + s**2/2 - 1. Let f(w) be the second derivative of r(w). What is f(5)?
-3
Let o(s) be the first derivative of s**4/4 - 2*s**3 + 2*s**2 + 3*s + 73. Suppose 4*t - 3*t - 4 = 5*h, 3*h = 4*t - 16. Calculate o(t).
-13
Let n(w) = w**2 + 5*w - 1. Let q = 1 - -6. Let y = 3 - q. Calculate n(y).
-5
Let w be ((16/(-5))/8)/((-2)/(-40)). Let f(q) = -q - 7. What is f(w)?
1
Let g(q) be the first derivative of 6*q + 1/2*q**2 + 3. Calculate g(0).
6
Let j(t) be the second derivative of 0 + 1/3*t**3 + 5*t + 3*t**2. Calculate j(-4).
-2
Let m(b) = 3*b**2 + 3*b - 3. Let a(w) = -w**2 - w + 1. Let p(i) = 4*a(i) + m(i). Let g = 24 + -14. Let t be ((-4)/g)/((-1)/5). Determine p(t).
-5
Suppose 0 = c - 2. Let s(m) = m - 1. Determine s(c).
1
Let s(t) = 7*t + 20. Let a = -42 - -40. Let u(o) = -3*o - 10. Let c be (10/(-4))/((-2)/(-4)). Let w(q) = a*s(q) + c*u(q). What is w(-5)?
5
Let d(r) be the first derivative of -r**4/2 + r**3/3 + r**2/2 - 10. What is d(2)?
-10
Let q = 14 - -6. Let i be (-108)/q - 2/(-5). Let a be 2*-3*i/10. Let m(h) = h**3 - 3*h**2 + h - 4. Give m(a).
-1
Suppose 4*u - 15 = -t, t - 2*t = 5*u - 17. Let l(f) = -f + 4. What is l(t)?
-3
Let z = 10 - 10. Let w(b) = 0 + z + 0 + b. Determine w(1).
1
Let m(a) = -a**2 - 3*a + 6. Let t(u) = u**2 + 3*u - 6. Let x(z) = 6*m(z) + 5*t(z). Determine x(-5).
-4
Let x = -11 - -8. Let m be ((-1)/(1/3))/x. Let c(a) = -1 - 3*a + 5 - m. Calculate c(2).
-3
Let a(w) = w - 4. Let i be a(0). Let u(k) = -5*k - 11. Let r(q) = -5 + 2*q + 0*q - 4*q. Let h(f) = -9*r(f) + 4*u(f). Calculate h(i).
9
Let s(f) = 2*f + 7. Let w(h) = -14*h - 19 - 31 + 0. Let a(i) = 44*s(i) + 6*w(i). Let p(v) = 5*v + 9. Let q(d) = 6*a(d) - 5*p(d). Give q(0).
3
Let n be (7 - -1) + 6/(-3). Suppose 3*i + n = 2*i. Let b(z) = z + 3. Determine b(i).
-3
Let p(v) = 0 + 23*v - 19*v + 1. Let d(w) = w**3 - 4*w**2 + 3*w - 1. Let r be d(3). Calculate p(r).
-3
Let u(z) = -3*z**2 + 1. Let j = -19 - -18. Determine u(j).
-2
Let d(g) = -g**3 + 3*g**2 + 3*g - 4. Let u = -5 + 6. Suppose -3 - u = -w. Calculate d(w).
-8
Let r(d) = -d + 1. Let b(y) = -2*y + 2. Let o(x) = -b(x) + r(x). What is o(-1)?
-2
Let x(b) = -1 + 6 - 3 - b - 2*b. Let p be 2 + 2 + -2 + -2. Let h = 2 + p. Give x(h).
-4
Let m(i) = -i**2 + 6*i + 5. Let h = -216 + 221. What is m(h)?
10
Let s(q) be the second derivative of 0 - q**3 - 1/12*q**4 - q - 3*q**2. Calculate s(-4).
2
Suppose 10*g - 9*g - 2 = 0. Let y(o) = 2*o**2 + 2*o + 6. Let k(m) = m**2 + 2*m + 5. Let d(s) = g*y(s) - 3*k(s). Give d(4).
5
Suppose 0 + 1 = -z. Let g(q) = 2*q. Determine g(z).
-2
Let y(a) = -28*a**2 - 10*a + 16. Let z(n) = -9*n**2 - 3*n + 5. Let s(g) = -5*y(g) + 16*z(g). Determine s(2).
-12
Let r be (-3 + -1)*(-50)/20. Let o = 9 - r. Let a(k) = -2*k**2 - k. Calculate a(o).
-1
Let g(p) = p**3 + 6*p**2 + 6*p - 3. Let o be g(-3). Let h(k) = k**3 - 7*k**2 + 6*k - 1. Calculate h(o).
-1
Let h = 12 - 11. Let p(q) = -q - 1 - h - 8*q**2 + 3 + 0. What is p(1)?
-8
Let k(t) be the first derivative of t**4/4 - t - 2. Let y(f) = -6*f**3 + 4*f**2 + 6*f + 1. Let j(a) = -5*k(a) - y(a). Give j(5).
-1
Let h(m) be the first derivative of -m**2/2 - 10*m - 4. Give h(0).
-10
Let c(y) = -y**2 + 2*y**3 + 0*y**2 + 2*y**2 - 2*y**2 - y. What is c(2)?
10
Let a(n) = 3*n**2 + n. Let l be a(1). Let h = l - 4. Suppose -5*i - 8 + 3 = -5*m, 2*m + 3*i - 7 = h. Let c(s) = -3*s - 2. Give c(m).
-8
Let a(x) = -x**3 - 9*x**2. Let s be a(-9). Let n(g) = g**2 + g + 6. What is n(s)?
6
Let t(o) = -o**2 + 4*o - 6. Let b be t(4). Let c(r) = r**2 + 6*r. Give c(b).
0
Let d be (12/10)/(6/20). Let m(l) = -2 - 10*l + 17*l - 8*l. Give m(d).
-6
Let f(v) = -v**2 + 1. Let a(s) = -s**3 - 3*s**2 + 6*s - 5. Let t(u) = -a(u) - 3*f(u). Give t(-7).
-5
Let m(f) = -4*f - 2. Let x(h) = 9*h + 3. Let a(o) = 7*m(o) + 3*x(o). Calculate a(-4).
-1
Let f(q) be the first derivative of q**2/2 - 2*q - 11. What is f(2)?
0
Let p = 0 - -3. Suppose -10 = 7*d - 2*d, p*b = d + 26. Suppose 3*t = -4 - b. Let i(v) = -v**2 - 5*v - 4. Determine i(t).
0
Let f(j) be the third derivative of -j**4/8 + j**3/6 - 14*j**2. What is f(5)?
-14
Let h(y) be the third derivative of y**4/12 + 4*y**2. Determine h(1).
2
Let y(v) = v**2 - v. Let n be y(0). Let b(m) = 3*m - 5. Let s(d) = -5*d + 9. Let i(h) = -7*b(h) - 4*s(h). Give i(n).
-1
Let l = 6 + -1. Let v(q) = -10*q**3 + 7*q**2 + 2*q - 3. Let b(s) = 5*s**3 - 3*s**2 - s + 1. Let c(y) = l*b(y) + 2*v(y). What is c(-1)?
-6
Let v = 21 - 17. Let g(m) = m**2 - 2*m + 3. Give g(v).
11
Let b(y) = -y**3 + 4*y**2 - 5*y + 3. Let k(p) be the second derivative of -p**3/2 - 3*p**2 + 5*p. Let w be k(-3). Calculate b(w).
-3
Let s = 4 + -1. Let d be -3 + 2 + s/1. Let f(n) = -n + 9. Let b(k) = -3. Let v(z) = 8*b(z) + 3*f(z). Calculate v(d).
-3
Suppose -8 = -2*j + 6. Let w be 21/j*10/(-6). Let d(p) = -p**2 - 4*p + 3. Determine d(w).
-2
Let g be 2*5 - (0 - 0). Let k = g - 11. Let t(d) = -6*d + 1. Determine t(k).
7
Let n(l) = -1 - 330*l + 1 + 327*l. Let r(v) = -v**3 + v**2 - v + 3. Let s be r(0). Determine n(s).
-9
Let j(d) = -d**3 - 6*d**2 - 4*d - 7. Suppose w - 3*b + 3 = 1, 0 = -5*w + 3*b - 22. Determine j(w).
-12
Let s(h) = -3 + 4 + 0 - h**2 + 6*h + 0. Determine s(7).
-6
Let y(l) be the first derivative of 3*l**4/4 + l**3/3 - l - 25. What is y(-1)?
-3
Let n(t) = t**3 + 6*t**2 - t - 8. Let f(y) = y**3 - 8*y**2 - 6. Let r be f(8). Give n(r).
-2
Let x(f) = f**2 - f + 2. Suppose -o - 2 + 8 = 2*r, -2*r = 3*o - 6. What is x(o)?
2
Let r be (-2)/((-3)/(-60)*-1). Suppose 5*g - 3*g = 5*b - r, 4*g = 3*b - 38. Let s(t) = -t**3 + 7*t**2 - 6*t - 3. Give s(b).
-3
Let g(f) = -1 - 5 - 5 + 8 + f - 5*f. Let w(c) = c**2 + 6*c - 3. Let j be w(-6). Give g(j).
9
Let a = 2 + -5. Let b(d) = -d**2 - 3*d - 2. What is b(a)?
-2
Let k(v) be the second d